List the prime factors of 29399061.
3, 19, 515773
What are the prime factors of 59723550?
2, 3, 5, 17, 37, 211
List the prime factors of 2752322577.
3, 19, 23, 73, 28759
What are the prime factors of 25408775?
5, 7, 145193
List the prime factors of 977015208.
2, 3, 13, 311, 10069
What are the prime factors of 4422337?
151, 29287
List the prime factors of 26224702.
2, 7, 71, 3769
List the prime factors of 1576994712.
2, 3, 29, 2265797
What are the prime factors of 32768521?
19, 29, 59471
What are the prime factors of 45448808?
2, 83, 68447
What are the prime factors of 262608111?
3, 61, 478339
List the prime factors of 359867783.
11, 41, 797933
What are the prime factors of 101155136?
2, 101, 15649
List the prime factors of 974874037.
1117, 872761
List the prime factors of 111760497.
3, 12417833
List the prime factors of 79496513.
19, 4184027
What are the prime factors of 26833070?
2, 5, 11, 83, 2939
What are the prime factors of 150336097?
150336097
What are the prime factors of 20733116?
2, 5183279
List the prime factors of 99912788.
2, 47, 179, 2969
List the prime factors of 142044252.
2, 3, 7, 1691003
What are the prime factors of 655686261?
3, 72854029
What are the prime factors of 1151376257?
71, 79, 233, 881
List the prime factors of 198299734.
2, 71, 239, 5843
What are the prime factors of 659673881?
53, 167, 74531
What are the prime factors of 396561342?
2, 3, 67, 986471
What are the prime factors of 6103007004?
2, 3, 17, 29916701
What are the prime factors of 8385778?
2, 439, 9551
List the prime factors of 456740973.
3, 13, 3903769
What are the prime factors of 67151512?
2, 151, 55589
List the prime factors of 38225085.
3, 5, 389, 6551
List the prime factors of 94980412.
2, 661, 35923
What are the prime factors of 301872008?
2, 37734001
What are the prime factors of 2197673782?
2, 23, 2657, 17981
List the prime factors of 140258158.
2, 2131, 32909
List the prime factors of 1651941719.
19, 23, 97, 38971
List the prime factors of 357625867.
47, 383, 19867
List the prime factors of 179824825.
5, 1049, 6857
What are the prime factors of 352182862?
2, 71, 2480161
List the prime factors of 140851040.
2, 5, 11, 191, 419
List the prime factors of 2717348151.
3, 7, 61, 2121271
List the prime factors of 18495423.
3, 101, 20347
List the prime factors of 83529104.
2, 5220569
List the prime factors of 164415997.
164415997
List the prime factors of 1002971718.
2, 3, 7, 23, 346091
What are the prime factors of 466008372?
2, 3, 43, 301039
What are the prime factors of 1053835335?
3, 5, 7, 3345509
What are the prime factors of 169553693?
131, 1294303
What are the prime factors of 81688548?
2, 3, 23, 295973
List the prime factors of 1348707781.
23857, 56533
What are the prime factors of 53853466?
2, 26926733
List the prime factors of 327196756.
2, 17, 4811717
What are the prime factors of 68077221?
3, 22692407
What are the prime factors of 613135694?
2, 53, 71, 257, 317
List the prime factors of 1908114831.
3, 7, 61, 10133
What are the prime factors of 2288691600?
2, 3, 5, 13, 29, 5059
List the prime factors of 47617158.
2, 3, 157, 50549
What are the prime factors of 3013417477?
7, 5701, 75511
List the prime factors of 117197992.
2, 83, 176503
What are the prime factors of 914467?
914467
What are the prime factors of 847633786?
2, 423816893
List the prime factors of 113735629.
7, 47, 345701
List the prime factors of 1202263871.
21851, 55021
List the prime factors of 116523934.
2, 23, 1063, 2383
What are the prime factors of 2302559570?
2, 5, 409, 562973
What are the prime factors of 1024343289?
3, 761, 149561
List the prime factors of 24440857.
7, 239, 2087
List the prime factors of 303679047.
3, 7, 1901, 7607
List the prime factors of 654379668.
2, 3, 6059071
List the prime factors of 37260575.
5, 11, 23, 43, 137
List the prime factors of 1215557722.
2, 5471, 111091
List the prime factors of 2081171801.
139, 14972459
List the prime factors of 73244989.
73244989
What are the prime factors of 1680272656?
2, 17, 1367, 4519
List the prime factors of 573076.
2, 7, 97, 211
List the prime factors of 26061287.
7, 531863
List the prime factors of 79700717.
1511, 52747
What are the prime factors of 750829984?
2, 151, 155387
What are the prime factors of 938104143?
3, 9419, 33199
List the prime factors of 301995307.
2339, 129113
What are the prime factors of 33569218?
2, 31, 541439
List the prime factors of 888957183.
3, 17, 17430533
What are the prime factors of 5354448356?
2, 1338612089
List the prime factors of 1099122260.
2, 5, 19, 41, 47, 79
What are the prime factors of 364237875?
3, 5, 323767
List the prime factors of 1194967118.
2, 311, 1921169
List the prime factors of 4481625614.
2, 619, 3620053
List the prime factors of 726725459.
726725459
List the prime factors of 134757819.
3, 7, 2139013
What are the prime factors of 105981720?
2, 3, 5, 13, 41, 1657
What are the prime factors of 904042433?
7, 29, 103, 43237
What are the prime factors of 30950996?
2, 89, 227, 383
What are the prime factors of 249957731?
199, 313, 4013
What are the prime factors of 2763813303?
3, 29, 227, 46649
What are the prime factors of 62126616?
2, 3, 239, 10831
What are the prime factors of 84766530?
2, 3, 5, 2825551
List the prime factors of 1764175223.
1764175223
List the prime factors of 166945832.
2, 4363, 4783
List the prime factors of 45000944.
2, 41, 181, 379
What are the prime factors of 54384247?
54384247
List the prime factors of 66735411.
3, 521, 42697
List the prime factors of 6965648.
2, 17, 25609
List the prime factors of 215737880.
2, 5, 43, 125429
List the prime factors of 37574757.
3, 11, 491, 773
List the prime factors of 361417727.
11, 32856157
List the prime factors of 259163004.
2, 3, 53, 407489
List the prime factors of 399231558.
2, 3, 11, 672107
What are the prime factors of 10566643?
29, 41, 8887
What are the prime factors of 4917216876?
2, 3, 11, 13, 337, 773
List the prime factors of 2094424076.
2, 1237, 423287
What are the prime factors of 509742911?
977, 521743
List the prime factors of 210376300.
2, 5, 59, 181, 197
What are the prime factors of 46044834?
2, 3, 11, 79, 8831
What are the prime factors of 182956204?
2, 45739051
List the prime factors of 961213005.
3, 5, 21360289
List the prime factors of 2860542201.
3, 11, 86683097
What are the prime factors of 2399388049?
283, 613, 13831
List the prime factors of 2721830004.
2, 3, 61, 1239449
List the prime factors of 1776312848.
2, 111019553
What are the prime factors of 45408945?
3, 5, 3027263
What are the prime factors of 531937749?
3, 7, 29, 873461
What are the prime factors of 47587556?
2, 17, 699817
What are the prime factors of 120418632?
2, 3, 31, 53951
What are the prime factors of 678606919?
79, 8589961
List the prime factors of 484497681.
3, 71, 383, 5939
List the prime factors of 133822260.
2, 3, 5, 11, 13, 1733
What are the prime factors of 47291776?
2, 7, 47, 1123
What are the prime factors of 61326869?
47, 157, 8311
List the prime factors of 1475904161.
1475904161
What are the prime factors of 163548980?
2, 5, 7, 29, 40283
What are the prime factors of 1339591017?
3, 1559, 286421
What are the prime factors of 192026128?
2, 7, 1714519
What are the prime factors of 4885352339?
7, 17, 1249, 32869
What are the prime factors of 3333227977?
3333227977
What are the prime factors of 126647922?
2, 3, 21107987
List the prime factors of 4498917610.
2, 5, 11, 29, 1410319
What are the prime factors of 1592160169?
113, 1741, 8093
What are the prime factors of 1556378430?
2, 3, 5, 51879281
What are the prime factors of 1995349303?
173, 11533811
What are the prime factors of 33809481?
3, 17, 43, 571
List the prime factors of 6046838206.
2, 173, 17476411
What are the prime factors of 27616602?
2, 3, 13, 17, 59, 353
What are the prime factors of 82261275?
3, 5, 1096817
List the prime factors of 176723905.
5, 139, 254279
List the prime factors of 250769397.
3, 17, 227, 21661
What are the prime factors of 149025380?
2, 5, 7, 1064467
List the prime factors of 16690413.
3, 17, 327263
What are the prime factors of 87030795?
3, 5, 31, 187163
What are the prime factors of 136486906?
2, 67, 1018559
List the prime factors of 145296903.
3, 53, 149, 6133
What are the prime factors of 1064969740?
2, 5, 131, 31